{"id":2,"date":"2024-09-19T10:56:08","date_gmt":"2024-09-19T08:56:08","guid":{"rendered":"http:\/\/stemma.di.unipi.it\/?page_id=2"},"modified":"2024-09-30T08:56:47","modified_gmt":"2024-09-30T06:56:47","slug":"pagina-di-esempio","status":"publish","type":"page","link":"https:\/\/stemma.di.unipi.it\/","title":{"rendered":"Home"},"content":{"rendered":"\n<p><strong>Science, Technology, Engineering, Mathematics, Motivation and Accessibility<\/strong><\/p>\n\n\n\n<p>STEMMA \u00e8 un progetto PRIN 2022 finanziato dall&#8217;UE nell&#8217;ambito del NextGenerationEU finalizzato a favorire la partecipazione femminile, incluse donne con disabilit\u00e0 visive, nelle discipline tecniche scientifiche.<\/p>\n\n\n\n<p>Obiettivo del progetto \u00e8 ridurre il divario nell&#8217;accesso alle materie STEM e nei programmi di studio legati al genere e alla disabilit\u00e0, analizzando le difficolt\u00e0 e gli ostacoli reali e percepiti, progettando strumenti persuasivi per promuovere\/favorire la scelta di intraprendere una carriera scientifica.<\/p>\n\n\n\n<div class=\"wp-block-media-text is-stacked-on-mobile\" style=\"grid-template-columns:17% auto\"><figure class=\"wp-block-media-text__media\"><img loading=\"lazy\" decoding=\"async\" width=\"1024\" height=\"966\" src=\"https:\/\/stemma.di.unipi.it\/wp-content\/uploads\/2024\/09\/arancione-1024x966.png\" alt=\"Logo del progetto stemma; all'interno di un cerchio nel cui bordo \u00e8 scritto STEMMA - STEM + Motivation &#038; Technology \u00e8 presente un profilo di testa femminile con 4 icone, posizionate all'altezza del cervello, che rappresentano le 4 materie stem, chimica, fisica, coding e matematica: elemento chimico dell'ossigeno O2, segnale biomedico, segno coding, simbolo +\" class=\"wp-image-112 size-full\" srcset=\"https:\/\/stemma.di.unipi.it\/wp-content\/uploads\/2024\/09\/arancione-1024x966.png 1024w, https:\/\/stemma.di.unipi.it\/wp-content\/uploads\/2024\/09\/arancione-300x283.png 300w, https:\/\/stemma.di.unipi.it\/wp-content\/uploads\/2024\/09\/arancione-768x724.png 768w, https:\/\/stemma.di.unipi.it\/wp-content\/uploads\/2024\/09\/arancione.png 1105w\" sizes=\"auto, (max-width: 1024px) 100vw, 1024px\" \/><\/figure><div class=\"wp-block-media-text__content\">\n<p class=\"has-text-align-center\">Piano Nazionale di Ripresa e Resilienza<br>Missione 4 &#8211; Componente 2, Investimento 1.1<br>CALL PRIN 2022 D.D. 104 02-02-2022 \u2013 (STEMMA)<\/p>\n\n\n\n<p class=\"has-text-align-center\">Codice CUP B53D23019500006<\/p>\n\n\n<\/div><\/div>\n<!-- \/wp:post-content -->","protected":false},"excerpt":{"rendered":"<p>Science, Technology, Engineering, Mathematics, Motivation and Accessibility STEMMA \u00e8 un progetto PRIN 2022 finanziato dall&#8217;UE nell&#8217;ambito del NextGenerationEU finalizzato a&hellip;<\/p>\n<p><a class=\"btn btn-dark btn-sm unipi-read-more-link\" href=\"https:\/\/stemma.di.unipi.it\/\">Leggi tutto&#8230;<\/a><\/p>\n","protected":false},"author":1,"featured_media":0,"parent":0,"menu_order":0,"comment_status":"closed","ping_status":"open","template":"","meta":{"footnotes":""},"class_list":["post-2","page","type-page","status-publish","hentry"],"_links":{"self":[{"href":"https:\/\/stemma.di.unipi.it\/index.php?rest_route=\/wp\/v2\/pages\/2","targetHints":{"allow":["GET"]}}],"collection":[{"href":"https:\/\/stemma.di.unipi.it\/index.php?rest_route=\/wp\/v2\/pages"}],"about":[{"href":"https:\/\/stemma.di.unipi.it\/index.php?rest_route=\/wp\/v2\/types\/page"}],"author":[{"embeddable":true,"href":"https:\/\/stemma.di.unipi.it\/index.php?rest_route=\/wp\/v2\/users\/1"}],"replies":[{"embeddable":true,"href":"https:\/\/stemma.di.unipi.it\/index.php?rest_route=%2Fwp%2Fv2%2Fcomments&post=2"}],"version-history":[{"count":19,"href":"https:\/\/stemma.di.unipi.it\/index.php?rest_route=\/wp\/v2\/pages\/2\/revisions"}],"predecessor-version":[{"id":122,"href":"https:\/\/stemma.di.unipi.it\/index.php?rest_route=\/wp\/v2\/pages\/2\/revisions\/122"}],"wp:attachment":[{"href":"https:\/\/stemma.di.unipi.it\/index.php?rest_route=%2Fwp%2Fv2%2Fmedia&parent=2"}],"curies":[{"name":"wp","href":"https:\/\/api.w.org\/{rel}","templated":true}]}}